te the remainder when 3470 is divided by 169.
90
Calculate the remainder when 15970 is divided by 2550.
670
Calculate the remainder when 117871 is divided by 50.
21
What is the remainder when 23269 is divided by 5816?
5
What is the remainder when 2344 is divided by 262?
248
What is the remainder when 17772 is divided by 2302?
1658
What is the remainder when 32727 is divided by 159?
132
Calculate the remainder when 5763 is divided by 188.
123
What is the remainder when 342814 is divided by 5?
4
Calculate the remainder when 96187 is divided by 29.
23
What is the remainder when 16464 is divided by 4113?
12
Calculate the remainder when 17403 is divided by 600.
3
What is the remainder when 1661 is divided by 141?
110
What is the remainder when 186384 is divided by 50?
34
Calculate the remainder when 31361 is divided by 1737.
95
What is the remainder when 80008 is divided by 1778?
1776
Calculate the remainder when 2227 is divided by 140.
127
Calculate the remainder when 4009 is divided by 2001.
7
What is the remainder when 3526 is divided by 1573?
380
Calculate the remainder when 574789 is divided by 1255.
1254
What is the remainder when 2607 is divided by 2172?
435
Calculate the remainder when 5199 is divided by 467.
62
What is the remainder when 1953243 is divided by 65?
58
Calculate the remainder when 2232 is divided by 68.
56
Calculate the remainder when 14861 is divided by 121.
99
Calculate the remainder when 12022 is divided by 128.
118
What is the remainder when 4554 is divided by 218?
194
What is the remainder when 28041 is divided by 15?
6
Calculate the remainder when 27670 is divided by 6.
4
What is the remainder when 4684 is divided by 47?
31
Calculate the remainder when 15825 is divided by 783.
165
Calculate the remainder when 441488 is divided by 220734.
20
What is the remainder when 339532 is divided by 1516?
1464
Calculate the remainder when 8831 is divided by 2205.
11
What is the remainder when 1166191 is divided by 63?
61
Calculate the remainder when 11852 is divided by 201.
194
What is the remainder when 20859 is divided by 549?
546
Calculate the remainder when 252445 is divided by 314.
303
What is the remainder when 144848 is divided by 736?
592
What is the remainder when 131998 is divided by 98?
90
Calculate the remainder when 7295 is divided by 486.
5
Calculate the remainder when 62614 is divided by 72.
46
Calculate the remainder when 15003 is divided by 165.
153
Calculate the remainder when 152125 is divided by 22.
17
Calculate the remainder when 582 is divided by 23.
7
What is the remainder when 11844 is divided by 11632?
212
What is the remainder when 24648 is divided by 80?
8
What is the remainder when 5659 is divided by 5565?
94
What is the remainder when 336932 is divided by 15315?
2
Calculate the remainder when 37120 is divided by 7419.
25
Calculate the remainder when 433099 is divided by 599.
22
What is the remainder when 1133 is divided by 225?
8
What is the remainder when 6330 is divided by 3042?
246
What is the remainder when 6963 is divided by 85?
78
Calculate the remainder when 43324 is divided by 1804.
28
What is the remainder when 137454 is divided by 2499?
9
What is the remainder when 39164 is divided by 48?
44
What is the remainder when 46637 is divided by 55?
52
Calculate the remainder when 64 is divided by 13.
12
What is the remainder when 138098 is divided by 10622?
12
Calculate the remainder when 684 is divided by 32.
12
What is the remainder when 100975 is divided by 55?
50
Calculate the remainder when 82774 is divided by 175.
174
What is the remainder when 817888 is divided by 146?
142
What is the remainder when 25377 is divided by 25373?
4
What is the remainder when 3526 is divided by 899?
829
What is the remainder when 5694 is divided by 104?
78
What is the remainder when 25879 is divided by 25540?
339
Calculate the remainder when 51861 is divided by 1234.
33
Calculate the remainder when 7526 is divided by 582.
542
What is the remainder when 31646 is divided by 199?
5
Calculate the remainder when 890 is divided by 724.
166
Calculate the remainder when 71977 is divided by 50.
27
Calculate the remainder when 3595 is divided by 371.
256
Calculate the remainder when 195214 is divided by 26.
6
Calculate the remainder when 260926 is divided by 676.
666
What is the remainder when 156714 is divided by 526?
492
Calculate the remainder when 4970 is divided by 166.
156
Calculate the remainder when 927 is divided by 28.
3
Calculate the remainder when 356754 is divided by 119.
111
Calculate the remainder when 30031 is divided by 10006.
13
What is the remainder when 156409 is divided by 10?
9
Calculate the remainder when 13310 is divided by 4099.
1013
Calculate the remainder when 3044094 is divided by 2068.
2066
What is the remainder when 31222 is divided by 15585?
52
What is the remainder when 142691 is divided by 56?
3
Calculate the remainder when 234242 is divided by 1411.
16
Calculate the remainder when 37511 is divided by 36.
35
What is the remainder when 17810 is divided by 587?
200
What is the remainder when 2240 is divided by 775?
690
Calculate the remainder when 106211 is divided by 53092.
27
What is the remainder when 136662 is divided by 15?
12
What is the remainder when 6131 is divided by 83?
72
Calculate the remainder when 37036 is divided by 245.
41
Calculate the remainder when 250780 is divided by 125386.
8
Calculate the remainder when 20674 is divided by 28.
10
What is the remainder when 19692 is divided by 757?
10
Calculate the remainder when 36288 is divided by 10.
8
What is the remainder when 1139 is divided by 33?
17
Calculate the remainder when 5986 is divided by 850.
36
What is the remainder when 30410 is divided by 157?
109
What is the remainder when 3895 is divided by 627?
133
Calculate the remainder when 198249 is divided by 99116.
17
Calculate the remainder when 14785 is divided by 370.
355
Calculate the remainder when 8141 is divided by 5.
1
Calculate the remainder when 6357 is divided by 127.
7
Calculate the remainder when 4181 is divided by 1115.
836
What is the remainder when 61505 is divided by 4730?
15
What is the remainder when 87308 is divided by 53?
17
Calculate the remainder when 4239 is divided by 117.
27
Calculate the remainder when 2045 is divided by 309.
191
Calculate the remainder when 1396168 is divided by 7.
4
What is the remainder when 34848 is divided by 1936?
0
What is the remainder when 76721 is divided by 335?
6
What is the remainder when 2051 is divided by 1007?
37
Calculate the remainder when 552267 is divided by 167.
165
What is the remainder when 15095 is divided by 2215?
1805
What is the remainder when 8728 is divided by 483?
34
What is the remainder when 1123 is divided by 187?
1
What is the remainder when 248231 is divided by 82?
17
What is the remainder when 815639 is divided by 24?
23
Calculate the remainder when 4069 is divided by 677.
7
What is the remainder when 11205 is divided by 2500?
1205
Calculate the remainder when 22069 is divided by 174.
145
What is the remainder when 3881 is divided by 129?
11
Calculate the remainder when 6826 is divided by 143.
105
What is the remainder when 8855 is divided by 179?
84
Calculate the remainder when 13839 is divided by 13824.
15
Calculate the remainder when 841 is divided by 817.
24
What is the remainder when 10745 is divided by 163?
150
What is the remainder when 134558 is divided by 45?
8
What is the remainder when 45609 is divided by 202?
159
Calculate the remainder when 50089 is divided by 157.
6
What is the remainder when 15379 is divided by 15375?
4
Calculate the remainder when 25532 is divided by 30.
2
What is the remainder when 9103 is divided by 361?
78
Calculate the remainder when 5052 is divided by 328.
132
What is the remainder when 5542 is divided by 1106?
12
What is the remainder when 23377 is divided by 368?
193
What is the remainder when 4625 is divided by 1004?
609
Calculate the remainder when 30335 is divided by 5053.
17
What is the remainder when 47216 is divided by 4?
0
What is the remainder when 76553 is divided by 4503?
2
What is the remainder when 8800 is divided by 26?
12
What is the remainder when 3976 is divided by 1983?
10
What is the remainder when 100721 is divided by 57?
2
What is the